{"id":15,"date":"2021-06-09T20:54:31","date_gmt":"2021-06-09T18:54:31","guid":{"rendered":"https:\/\/wordpress.peelspeurders.nl\/?page_id=15"},"modified":"2021-06-27T12:38:05","modified_gmt":"2021-06-27T10:38:05","slug":"welpen-meiden","status":"publish","type":"page","link":"https:\/\/peelspeurders.nl\/?page_id=15","title":{"rendered":"Welpen Meiden"},"content":{"rendered":"\t\t<div data-elementor-type=\"wp-page\" data-elementor-id=\"15\" class=\"elementor elementor-15\">\n\t\t\t\t\t\t<section class=\"elementor-section elementor-top-section elementor-element elementor-element-633c9d39 elementor-section-boxed elementor-section-height-default elementor-section-height-default\" data-id=\"633c9d39\" data-element_type=\"section\" data-e-type=\"section\">\n\t\t\t\t\t\t<div class=\"elementor-container elementor-column-gap-default\">\n\t\t\t\t\t<div class=\"elementor-column elementor-col-100 elementor-top-column elementor-element elementor-element-73ba5590\" data-id=\"73ba5590\" data-element_type=\"column\" data-e-type=\"column\">\n\t\t\t<div class=\"elementor-widget-wrap elementor-element-populated\">\n\t\t\t\t\t\t<div class=\"elementor-element elementor-element-1c30ed22 elementor-widget elementor-widget-text-editor\" data-id=\"1c30ed22\" data-element_type=\"widget\" data-e-type=\"widget\" data-widget_type=\"text-editor.default\">\n\t\t\t\t<div class=\"elementor-widget-container\">\n\t\t\t\t\t\t\t\t\t<p>Wij, de Welpen Meiden van scouting de Peelspeurders zijn een groep meiden van 7 tot 11 jaar. We zijn een gezellige groep van ruim 20 kinderen en 5 erg enthousiaste leiding.<\/p><p>Elke donderdag van 18:30 tot 20:00 gaan we op avontuur. Van kampvuur maken tot hutten bouwen en spelletjes spelen, elke donderdagavond is weer anders!<\/p><p>Daarnaast gaan we twee keer per jaar op kamp waar we de leukste activiteiten beleven. E\u00e9n weekendkamp in het voorjaar in ons eigen gebouw en \u00e9\u00e9n zomerkamp waar we een ander kampterrein gaan ontdekken.<\/p><p>Heb je zin om een kijkje bij ons te nemen? Neem contact op en kom gratis drie opkomsten mee met ons op avontuur!<\/p><p>Laat je uitdagen bij de welpen!<\/p>\t\t\t\t\t\t\t\t<\/div>\n\t\t\t\t<\/div>\n\t\t\t\t\t<\/div>\n\t\t<\/div>\n\t\t\t\t\t<\/div>\n\t\t<\/section>\n\t\t\t\t<\/div>\n\t\t","protected":false},"excerpt":{"rendered":"<p>Wij, de Welpen Meiden van scouting de Peelspeurders zijn een groep meiden van 7 tot 11 jaar. We zijn een gezellige groep van ruim 20 kinderen en 5 erg enthousiaste leiding.<\/p>\n<p>Elke donderdag van 18:30 tot 20:00 gaan we op avontuur.  &#8230; <\/p>\n","protected":false},"author":2,"featured_media":0,"parent":0,"menu_order":0,"comment_status":"closed","ping_status":"closed","template":"","meta":{"footnotes":""},"class_list":["post-15","page","type-page","status-publish","hentry"],"yoast_head":"<!-- This site is optimized with the Yoast SEO plugin v26.8 - https:\/\/yoast.com\/product\/yoast-seo-wordpress\/ -->\n<title>Welpen Meiden - Scouting de Peelspeurders Venray<\/title>\n<meta name=\"robots\" content=\"index, follow, max-snippet:-1, max-image-preview:large, max-video-preview:-1\" \/>\n<link rel=\"canonical\" href=\"https:\/\/peelspeurders.nl\/?page_id=15\" \/>\n<meta property=\"og:locale\" content=\"nl_NL\" \/>\n<meta property=\"og:type\" content=\"article\" \/>\n<meta property=\"og:title\" content=\"Welpen Meiden - Scouting de Peelspeurders Venray\" \/>\n<meta property=\"og:description\" content=\"Wij, de Welpen Meiden van scouting de Peelspeurders zijn een groep meiden van 7 tot 11 jaar. We zijn een gezellige groep van ruim 20 kinderen en 5 erg enthousiaste leiding. Elke donderdag van 18:30 tot 20:00 gaan we op avontuur. ...\" \/>\n<meta property=\"og:url\" content=\"https:\/\/peelspeurders.nl\/?page_id=15\" \/>\n<meta property=\"og:site_name\" content=\"Scouting de Peelspeurders Venray\" \/>\n<meta property=\"article:modified_time\" content=\"2021-06-27T10:38:05+00:00\" \/>\n<meta name=\"twitter:card\" content=\"summary_large_image\" \/>\n<meta name=\"twitter:label1\" content=\"Geschatte leestijd\" \/>\n\t<meta name=\"twitter:data1\" content=\"1 minuut\" \/>\n<script type=\"application\/ld+json\" class=\"yoast-schema-graph\">{\"@context\":\"https:\/\/schema.org\",\"@graph\":[{\"@type\":\"WebPage\",\"@id\":\"https:\/\/peelspeurders.nl\/?page_id=15\",\"url\":\"https:\/\/peelspeurders.nl\/?page_id=15\",\"name\":\"Welpen Meiden - Scouting de Peelspeurders Venray\",\"isPartOf\":{\"@id\":\"https:\/\/peelspeurders.nl\/#website\"},\"datePublished\":\"2021-06-09T18:54:31+00:00\",\"dateModified\":\"2021-06-27T10:38:05+00:00\",\"breadcrumb\":{\"@id\":\"https:\/\/peelspeurders.nl\/?page_id=15#breadcrumb\"},\"inLanguage\":\"nl-NL\",\"potentialAction\":[{\"@type\":\"ReadAction\",\"target\":[\"https:\/\/peelspeurders.nl\/?page_id=15\"]}]},{\"@type\":\"BreadcrumbList\",\"@id\":\"https:\/\/peelspeurders.nl\/?page_id=15#breadcrumb\",\"itemListElement\":[{\"@type\":\"ListItem\",\"position\":1,\"name\":\"Home\",\"item\":\"https:\/\/peelspeurders.nl\/\"},{\"@type\":\"ListItem\",\"position\":2,\"name\":\"Welpen Meiden\"}]},{\"@type\":\"WebSite\",\"@id\":\"https:\/\/peelspeurders.nl\/#website\",\"url\":\"https:\/\/peelspeurders.nl\/\",\"name\":\"Scouting de Peelspeurders Venray\",\"description\":\"\",\"potentialAction\":[{\"@type\":\"SearchAction\",\"target\":{\"@type\":\"EntryPoint\",\"urlTemplate\":\"https:\/\/peelspeurders.nl\/?s={search_term_string}\"},\"query-input\":{\"@type\":\"PropertyValueSpecification\",\"valueRequired\":true,\"valueName\":\"search_term_string\"}}],\"inLanguage\":\"nl-NL\"}]}<\/script>\n<!-- \/ Yoast SEO plugin. -->","yoast_head_json":{"title":"Welpen Meiden - Scouting de Peelspeurders Venray","robots":{"index":"index","follow":"follow","max-snippet":"max-snippet:-1","max-image-preview":"max-image-preview:large","max-video-preview":"max-video-preview:-1"},"canonical":"https:\/\/peelspeurders.nl\/?page_id=15","og_locale":"nl_NL","og_type":"article","og_title":"Welpen Meiden - Scouting de Peelspeurders Venray","og_description":"Wij, de Welpen Meiden van scouting de Peelspeurders zijn een groep meiden van 7 tot 11 jaar. We zijn een gezellige groep van ruim 20 kinderen en 5 erg enthousiaste leiding. Elke donderdag van 18:30 tot 20:00 gaan we op avontuur. ...","og_url":"https:\/\/peelspeurders.nl\/?page_id=15","og_site_name":"Scouting de Peelspeurders Venray","article_modified_time":"2021-06-27T10:38:05+00:00","twitter_card":"summary_large_image","twitter_misc":{"Geschatte leestijd":"1 minuut"},"schema":{"@context":"https:\/\/schema.org","@graph":[{"@type":"WebPage","@id":"https:\/\/peelspeurders.nl\/?page_id=15","url":"https:\/\/peelspeurders.nl\/?page_id=15","name":"Welpen Meiden - Scouting de Peelspeurders Venray","isPartOf":{"@id":"https:\/\/peelspeurders.nl\/#website"},"datePublished":"2021-06-09T18:54:31+00:00","dateModified":"2021-06-27T10:38:05+00:00","breadcrumb":{"@id":"https:\/\/peelspeurders.nl\/?page_id=15#breadcrumb"},"inLanguage":"nl-NL","potentialAction":[{"@type":"ReadAction","target":["https:\/\/peelspeurders.nl\/?page_id=15"]}]},{"@type":"BreadcrumbList","@id":"https:\/\/peelspeurders.nl\/?page_id=15#breadcrumb","itemListElement":[{"@type":"ListItem","position":1,"name":"Home","item":"https:\/\/peelspeurders.nl\/"},{"@type":"ListItem","position":2,"name":"Welpen Meiden"}]},{"@type":"WebSite","@id":"https:\/\/peelspeurders.nl\/#website","url":"https:\/\/peelspeurders.nl\/","name":"Scouting de Peelspeurders Venray","description":"","potentialAction":[{"@type":"SearchAction","target":{"@type":"EntryPoint","urlTemplate":"https:\/\/peelspeurders.nl\/?s={search_term_string}"},"query-input":{"@type":"PropertyValueSpecification","valueRequired":true,"valueName":"search_term_string"}}],"inLanguage":"nl-NL"}]}},"rttpg_featured_image_url":null,"rttpg_author":{"display_name":"Daan Rouwens","author_link":"https:\/\/peelspeurders.nl\/?author=2"},"rttpg_comment":0,"rttpg_category":null,"rttpg_excerpt":"Wij, de Welpen Meiden van scouting de Peelspeurders zijn een groep meiden van 7 tot 11 jaar. We zijn een gezellige groep van ruim 20 kinderen en 5 erg enthousiaste leiding. Elke donderdag van 18:30 tot 20:00 gaan we op avontuur. ...","_links":{"self":[{"href":"https:\/\/peelspeurders.nl\/index.php?rest_route=\/wp\/v2\/pages\/15","targetHints":{"allow":["GET"]}}],"collection":[{"href":"https:\/\/peelspeurders.nl\/index.php?rest_route=\/wp\/v2\/pages"}],"about":[{"href":"https:\/\/peelspeurders.nl\/index.php?rest_route=\/wp\/v2\/types\/page"}],"author":[{"embeddable":true,"href":"https:\/\/peelspeurders.nl\/index.php?rest_route=\/wp\/v2\/users\/2"}],"replies":[{"embeddable":true,"href":"https:\/\/peelspeurders.nl\/index.php?rest_route=%2Fwp%2Fv2%2Fcomments&post=15"}],"version-history":[{"count":7,"href":"https:\/\/peelspeurders.nl\/index.php?rest_route=\/wp\/v2\/pages\/15\/revisions"}],"predecessor-version":[{"id":355,"href":"https:\/\/peelspeurders.nl\/index.php?rest_route=\/wp\/v2\/pages\/15\/revisions\/355"}],"wp:attachment":[{"href":"https:\/\/peelspeurders.nl\/index.php?rest_route=%2Fwp%2Fv2%2Fmedia&parent=15"}],"curies":[{"name":"wp","href":"https:\/\/api.w.org\/{rel}","templated":true}]}}